{"id":7,"date":"2020-06-05T17:28:02","date_gmt":"2020-06-05T20:28:02","guid":{"rendered":"http:\/\/localhost\/wrapper\/testes-de-visao\/wp\/?page_id=7"},"modified":"2023-08-13T12:05:52","modified_gmt":"2023-08-13T15:05:52","slug":"teste-online-sua-visao","status":"publish","type":"page","link":"https:\/\/medicosdeolhos.com.br\/testes-de-visao\/","title":{"rendered":"Home &#8211; Avalie sua Vis\u00e3o"},"content":{"rendered":"","protected":false},"excerpt":{"rendered":"","protected":false},"author":1,"featured_media":0,"parent":0,"menu_order":0,"comment_status":"closed","ping_status":"closed","template":"index.php","meta":[],"acf":[],"yoast_head":"<!-- This site is optimized with the Yoast SEO plugin v20.11 - https:\/\/yoast.com\/wordpress\/plugins\/seo\/ -->\n<title>Teste on-line a sua vis\u00e3o - M\u00e9dicos de Olhos S.A.<\/title>\n<meta name=\"description\" content=\"Teste desenvolvido para auxiliar na identifica\u00e7\u00e3o de poss\u00edveis problemas de vis\u00e3o e determinar se \u00e9 necess\u00e1rio procurar um oftalmologista.\" \/>\n<meta name=\"robots\" content=\"index, follow, max-snippet:-1, max-image-preview:large, max-video-preview:-1\" \/>\n<link rel=\"canonical\" href=\"https:\/\/medicosdeolhos.com.br\/testes-de-visao\/\" \/>\n<meta property=\"og:locale\" content=\"pt_BR\" \/>\n<meta property=\"og:type\" content=\"article\" \/>\n<meta property=\"og:title\" content=\"Teste on-line a sua vis\u00e3o - M\u00e9dicos de Olhos S.A.\" \/>\n<meta property=\"og:description\" content=\"Teste desenvolvido para auxiliar na identifica\u00e7\u00e3o de poss\u00edveis problemas de vis\u00e3o e determinar se \u00e9 necess\u00e1rio procurar um oftalmologista.\" \/>\n<meta property=\"og:url\" content=\"https:\/\/medicosdeolhos.com.br\/testes-de-visao\/\" \/>\n<meta property=\"og:site_name\" content=\"Teste on-line a sua vis\u00e3o\" \/>\n<meta property=\"article:publisher\" content=\"https:\/\/www.facebook.com\/MedicosDeOlhosSA\/\" \/>\n<meta property=\"article:modified_time\" content=\"2023-08-13T15:05:52+00:00\" \/>\n<meta name=\"twitter:card\" content=\"summary_large_image\" \/>\n<script type=\"application\/ld+json\" class=\"yoast-schema-graph\">{\"@context\":\"https:\/\/schema.org\",\"@graph\":[{\"@type\":\"WebPage\",\"@id\":\"https:\/\/medicosdeolhos.com.br\/testes-de-visao\/\",\"url\":\"https:\/\/medicosdeolhos.com.br\/testes-de-visao\/\",\"name\":\"Teste on-line a sua vis\u00e3o - M\u00e9dicos de Olhos S.A.\",\"isPartOf\":{\"@id\":\"https:\/\/medicosdeolhos.com.br\/testes-de-visao\/#website\"},\"datePublished\":\"2020-06-05T20:28:02+00:00\",\"dateModified\":\"2023-08-13T15:05:52+00:00\",\"description\":\"Teste desenvolvido para auxiliar na identifica\u00e7\u00e3o de poss\u00edveis problemas de vis\u00e3o e determinar se \u00e9 necess\u00e1rio procurar um oftalmologista.\",\"breadcrumb\":{\"@id\":\"https:\/\/medicosdeolhos.com.br\/testes-de-visao\/#breadcrumb\"},\"inLanguage\":\"pt-BR\",\"potentialAction\":[{\"@type\":\"ReadAction\",\"target\":[\"https:\/\/medicosdeolhos.com.br\/testes-de-visao\/\"]}]},{\"@type\":\"BreadcrumbList\",\"@id\":\"https:\/\/medicosdeolhos.com.br\/testes-de-visao\/#breadcrumb\",\"itemListElement\":[{\"@type\":\"ListItem\",\"position\":1,\"name\":\"Home\",\"item\":\"https:\/\/medicosdeolhos.com.br\/testes-de-visao\/\"},{\"@type\":\"ListItem\",\"position\":2,\"name\":\"Home &#8211; Avalie sua Vis\u00e3o\"}]},{\"@type\":\"WebSite\",\"@id\":\"https:\/\/medicosdeolhos.com.br\/testes-de-visao\/#website\",\"url\":\"https:\/\/medicosdeolhos.com.br\/testes-de-visao\/\",\"name\":\"Teste online a sua vis\u00e3o\",\"description\":\"M\u00e9dicos de Olhos S.A.\",\"publisher\":{\"@id\":\"https:\/\/medicosdeolhos.com.br\/testes-de-visao\/#organization\"},\"potentialAction\":[{\"@type\":\"SearchAction\",\"target\":{\"@type\":\"EntryPoint\",\"urlTemplate\":\"https:\/\/medicosdeolhos.com.br\/testes-de-visao\/?s={search_term_string}\"},\"query-input\":\"required name=search_term_string\"}],\"inLanguage\":\"pt-BR\"},{\"@type\":\"Organization\",\"@id\":\"https:\/\/medicosdeolhos.com.br\/testes-de-visao\/#organization\",\"name\":\"M\u00e9dicos de Olhos S.A.\",\"url\":\"https:\/\/medicosdeolhos.com.br\/testes-de-visao\/\",\"logo\":{\"@type\":\"ImageObject\",\"inLanguage\":\"pt-BR\",\"@id\":\"https:\/\/medicosdeolhos.com.br\/testes-de-visao\/#\/schema\/logo\/image\/\",\"url\":\"https:\/\/medicosdeolhos.com.br\/testes-de-visao\/wp-content\/uploads\/2023\/06\/LOGO_MEDICOS_SA.webp\",\"contentUrl\":\"https:\/\/medicosdeolhos.com.br\/testes-de-visao\/wp-content\/uploads\/2023\/06\/LOGO_MEDICOS_SA.webp\",\"width\":2392,\"height\":1005,\"caption\":\"M\u00e9dicos de Olhos S.A.\"},\"image\":{\"@id\":\"https:\/\/medicosdeolhos.com.br\/testes-de-visao\/#\/schema\/logo\/image\/\"},\"sameAs\":[\"https:\/\/www.facebook.com\/MedicosDeOlhosSA\/\",\"https:\/\/www.instagram.com\/medicosdeolhos\/\",\"https:\/\/www.linkedin.com\/company\/medicos-de-olhos\/\",\"https:\/\/www.youtube.com\/@MedicosdeOlhos\"]}]}<\/script>\n<!-- \/ Yoast SEO plugin. -->","yoast_head_json":{"title":"Teste on-line a sua vis\u00e3o - M\u00e9dicos de Olhos S.A.","description":"Teste desenvolvido para auxiliar na identifica\u00e7\u00e3o de poss\u00edveis problemas de vis\u00e3o e determinar se \u00e9 necess\u00e1rio procurar um oftalmologista.","robots":{"index":"index","follow":"follow","max-snippet":"max-snippet:-1","max-image-preview":"max-image-preview:large","max-video-preview":"max-video-preview:-1"},"canonical":"https:\/\/medicosdeolhos.com.br\/testes-de-visao\/","og_locale":"pt_BR","og_type":"article","og_title":"Teste on-line a sua vis\u00e3o - M\u00e9dicos de Olhos S.A.","og_description":"Teste desenvolvido para auxiliar na identifica\u00e7\u00e3o de poss\u00edveis problemas de vis\u00e3o e determinar se \u00e9 necess\u00e1rio procurar um oftalmologista.","og_url":"https:\/\/medicosdeolhos.com.br\/testes-de-visao\/","og_site_name":"Teste on-line a sua vis\u00e3o","article_publisher":"https:\/\/www.facebook.com\/MedicosDeOlhosSA\/","article_modified_time":"2023-08-13T15:05:52+00:00","twitter_card":"summary_large_image","schema":{"@context":"https:\/\/schema.org","@graph":[{"@type":"WebPage","@id":"https:\/\/medicosdeolhos.com.br\/testes-de-visao\/","url":"https:\/\/medicosdeolhos.com.br\/testes-de-visao\/","name":"Teste on-line a sua vis\u00e3o - M\u00e9dicos de Olhos S.A.","isPartOf":{"@id":"https:\/\/medicosdeolhos.com.br\/testes-de-visao\/#website"},"datePublished":"2020-06-05T20:28:02+00:00","dateModified":"2023-08-13T15:05:52+00:00","description":"Teste desenvolvido para auxiliar na identifica\u00e7\u00e3o de poss\u00edveis problemas de vis\u00e3o e determinar se \u00e9 necess\u00e1rio procurar um oftalmologista.","breadcrumb":{"@id":"https:\/\/medicosdeolhos.com.br\/testes-de-visao\/#breadcrumb"},"inLanguage":"pt-BR","potentialAction":[{"@type":"ReadAction","target":["https:\/\/medicosdeolhos.com.br\/testes-de-visao\/"]}]},{"@type":"BreadcrumbList","@id":"https:\/\/medicosdeolhos.com.br\/testes-de-visao\/#breadcrumb","itemListElement":[{"@type":"ListItem","position":1,"name":"Home","item":"https:\/\/medicosdeolhos.com.br\/testes-de-visao\/"},{"@type":"ListItem","position":2,"name":"Home &#8211; Avalie sua Vis\u00e3o"}]},{"@type":"WebSite","@id":"https:\/\/medicosdeolhos.com.br\/testes-de-visao\/#website","url":"https:\/\/medicosdeolhos.com.br\/testes-de-visao\/","name":"Teste online a sua vis\u00e3o","description":"M\u00e9dicos de Olhos S.A.","publisher":{"@id":"https:\/\/medicosdeolhos.com.br\/testes-de-visao\/#organization"},"potentialAction":[{"@type":"SearchAction","target":{"@type":"EntryPoint","urlTemplate":"https:\/\/medicosdeolhos.com.br\/testes-de-visao\/?s={search_term_string}"},"query-input":"required name=search_term_string"}],"inLanguage":"pt-BR"},{"@type":"Organization","@id":"https:\/\/medicosdeolhos.com.br\/testes-de-visao\/#organization","name":"M\u00e9dicos de Olhos S.A.","url":"https:\/\/medicosdeolhos.com.br\/testes-de-visao\/","logo":{"@type":"ImageObject","inLanguage":"pt-BR","@id":"https:\/\/medicosdeolhos.com.br\/testes-de-visao\/#\/schema\/logo\/image\/","url":"https:\/\/medicosdeolhos.com.br\/testes-de-visao\/wp-content\/uploads\/2023\/06\/LOGO_MEDICOS_SA.webp","contentUrl":"https:\/\/medicosdeolhos.com.br\/testes-de-visao\/wp-content\/uploads\/2023\/06\/LOGO_MEDICOS_SA.webp","width":2392,"height":1005,"caption":"M\u00e9dicos de Olhos S.A."},"image":{"@id":"https:\/\/medicosdeolhos.com.br\/testes-de-visao\/#\/schema\/logo\/image\/"},"sameAs":["https:\/\/www.facebook.com\/MedicosDeOlhosSA\/","https:\/\/www.instagram.com\/medicosdeolhos\/","https:\/\/www.linkedin.com\/company\/medicos-de-olhos\/","https:\/\/www.youtube.com\/@MedicosdeOlhos"]}]}},"_links":{"self":[{"href":"https:\/\/medicosdeolhos.com.br\/testes-de-visao\/index.php?rest_route=\/wp\/v2\/pages\/7"}],"collection":[{"href":"https:\/\/medicosdeolhos.com.br\/testes-de-visao\/index.php?rest_route=\/wp\/v2\/pages"}],"about":[{"href":"https:\/\/medicosdeolhos.com.br\/testes-de-visao\/index.php?rest_route=\/wp\/v2\/types\/page"}],"author":[{"embeddable":true,"href":"https:\/\/medicosdeolhos.com.br\/testes-de-visao\/index.php?rest_route=\/wp\/v2\/users\/1"}],"replies":[{"embeddable":true,"href":"https:\/\/medicosdeolhos.com.br\/testes-de-visao\/index.php?rest_route=%2Fwp%2Fv2%2Fcomments&post=7"}],"version-history":[{"count":36,"href":"https:\/\/medicosdeolhos.com.br\/testes-de-visao\/index.php?rest_route=\/wp\/v2\/pages\/7\/revisions"}],"predecessor-version":[{"id":162,"href":"https:\/\/medicosdeolhos.com.br\/testes-de-visao\/index.php?rest_route=\/wp\/v2\/pages\/7\/revisions\/162"}],"wp:attachment":[{"href":"https:\/\/medicosdeolhos.com.br\/testes-de-visao\/index.php?rest_route=%2Fwp%2Fv2%2Fmedia&parent=7"}],"curies":[{"name":"wp","href":"https:\/\/api.w.org\/{rel}","templated":true}]}}